2759368996?
5
What is the ten millions digit of 1500411822?
0
What is the thousands digit of 108674171?
4
What is the hundred millions digit of 835271116?
8
What is the hundred millions digit of 452439278?
4
What is the ten millions digit of 263506772?
6
What is the thousands digit of 394061194?
1
What is the ten millions digit of 779394702?
7
What is the ten millions digit of 576626181?
7
What is the ten thousands digit of 16659761?
5
What is the millions digit of 773968300?
3
What is the units digit of 6092308358?
8
What is the ten millions digit of 366379071?
6
What is the units digit of 435065893?
3
What is the millions digit of 160560736?
0
What is the thousands digit of 214166991?
6
What is the tens digit of 773131471?
7
What is the hundred millions digit of 324790091?
3
What is the thousands digit of 92726864?
6
What is the units digit of 1237528028?
8
What is the tens digit of 8635971894?
9
What is the ten millions digit of 23584271?
2
What is the billions digit of 1169624090?
1
What is the units digit of 422118226?
6
What is the thousands digit of 5380318?
0
What is the thousands digit of 22273534?
3
What is the millions digit of 81617297?
1
What is the ten millions digit of 50932974?
5
What is the hundred thousands digit of 1955274318?
2
What is the millions digit of 138703072?
8
What is the thousands digit of 103179701?
9
What is the units digit of 713420840?
0
What is the units digit of 110147915?
5
What is the millions digit of 29322425?
9
What is the thousands digit of 70056156?
6
What is the ten thousands digit of 3562287?
6
What is the units digit of 126903247?
7
What is the ten millions digit of 402219404?
0
What is the hundred millions digit of 1185575172?
1
What is the hundred thousands digit of 120904828?
9
What is the tens digit of 370786820?
2
What is the hundred millions digit of 1603978360?
6
What is the millions digit of 207847876?
7
What is the tens digit of 191755899?
9
What is the units digit of 4950299798?
8
What is the thousands digit of 84818216?
8
What is the hundred millions digit of 4273650332?
2
What is the hundred thousands digit of 671730538?
7
What is the thousands digit of 62830396?
0
What is the hundred thousands digit of 571045?
5
What is the units digit of 294171455?
5
What is the hundreds digit of 4220289109?
1
What is the thousands digit of 22825993?
5
What is the ten thousands digit of 112198151?
9
What is the units digit of 1242992718?
8
What is the units digit of 39473297?
7
What is the thousands digit of 1860302508?
2
What is the hundred millions digit of 5104766403?
1
What is the hundred millions digit of 2690707229?
6
What is the ten thousands digit of 280055788?
5
What is the ten thousands digit of 7598132?
9
What is the hundred thousands digit of 9161011?
1
What is the ten millions digit of 17124665?
1
What is the hundreds digit of 58129835?
8
What is the tens digit of 43941204?
0
What is the hundreds digit of 4628353379?
3
What is the thousands digit of 212321552?
1
What is the tens digit of 1396574512?
1
What is the units digit of 606923680?
0
What is the ten thousands digit of 23419218?
1
What is the ten millions digit of 3034480586?
3
What is the tens digit of 13201530?
3
What is the hundred thousands digit of 645555591?
5
What is the thousands digit of 1640588312?
8
What is the ten millions digit of 29280269?
2
What is the hundred millions digit of 256241905?
2
What is the tens digit of 27320476?
7
What is the millions digit of 66136443?
6
What is the hundreds digit of 920173620?
6
What is the units digit of 1241432433?
3
What is the millions digit of 51009406?
1
What is the ten thousands digit of 110418903?
1
What is the ten thousands digit of 5441928411?
2
What is the hundred millions digit of 123542867?
1
What is the ten millions digit of 39914549?
3
What is the tens digit of 394802814?
1
What is the billions digit of 2656226817?
2
What is the tens digit of 229208217?
1
What is the ten thousands digit of 2529194629?
9
What is the hundred thousands digit of 217703182?
7
What is the hundred millions digit of 6356596204?
3
What is the hundred thousands digit of 39449257?
4
What is the thousands digit of 188965406?
5
What is the thousands digit of 135353275?
3
What is the hundred thousands digit of 71440217?
4
What is the thousands digit of 653177683?
7
What is the ten thousands digit of 14129417?
2
What is the ten thousands digit of 21698558?
9
What is the ten millions digit of 724268668?
2
What is the hundred millions digit of 125368896?
1
What is the units digit of 69884405?
5
What is the hundred millions digit of 2503890562?
5
What is the millions digit of 728700497?
8
What is the billions digit of 4355378252?
4
What is the ten millions digit of 171006344?
7
What is the ten millions digit of 28812502?
2
What is the thousands digit of 3266883923?
3
What is the ten thousands digit of 91181590?
8
What is the hundred millions digit of 3027784089?
0
What is the thousands digit of 2729430735?
0
What is the ten thousands digit of 180411428?
1
What is the millions digit of 284631630?
4
What is the millions digit of 10864181?
0
What is the units digit of 602139125?
5
What is the hundred thousands digit of 62419146?
4
What is the millions digit of 1258614876?
8
What is the millions digit of 58088457?
8
What is the hundred millions digit of 391016039?
3
What is the hundred thousands digit of 2765903618?
9
What is the hundred millions digit of 617820009?
6
What is the units digit of 44550084?
4
What is the ten thousands digit of 2541037852?
3
What is the hundreds digit of 72097559?
5
What is the ten thousands digit of 115281934?
8
What is the ten thousands digit of 1869782332?
8
What is the ten millions digit of 127681613?
2
What is the tens digit of 167427472?
7
What is the units digit of 559340857?
7
What is the hundred millions digit of 134354300?
1
What is the hundred millions digit of 3525415262?
5
What is the hundred millions digit of 976222142?
9
What is the thousands digit of 4876080800?
0
What is the hundred thousands digit of 40772004?
7
What is the ten millions digit of 593429489?
9
What is the ten millions digit of 177548482?
7
What is the hundred thousands digit of 417557395?
5
What is the units digit of 28106287?
7
What is the thousands digit of 118882281?
2
What is the hundreds digit of 1302039758?
7
What is the hundred millions digit of 368336213?
3
What is the thousands digit of 392217742?
7
What is the units digit of 158876092?
2
What is the ten millions digit of 132237988?
3
What is the millions digit of 673422281?
3
What is the hundred millions digit of 479975375?
4
What is the ten thousands digit of 24997500?
9
What is the ten thousands digit of 4615154532?
5
What is the billions digit of 2152748983?
2
What is the hundreds digit of 370847129?
1
What is the hundred thousands digit of 736904489?
9
What is the thousands digit of 570747564?
7
What is the billions digit of 1392971069?
1
What is the hundred millions digit of 213894676?
2
What is the ten millions digit of 22136495?
2
What is the tens digit of 13357256?
5
What is the ten thousands digit of 12680641?
8
What is the ten millions digit of 77636665?
7
What is the hundreds digit of 1773237?
2
What is the hundred millions digit of 3912129512?
9
What is the hundreds digit of 35642196?
1
What is the units digit of 1477542352?
2
What is the thousands digit of 819213?
9
What is the millions digit of 497263142?
7
What is the hundred millions digit of 187127070?
1
What is the ten thousands digit of 68668545?
6
What is the ten millions digit of 3600191674?
0
What is the hundreds digit of 891455562?
5
What is the thousands digit of 817709772?
9
What is the tens digit of 356707352?
5
What is the ten thousands digit of 14204410?
0
What is the millions digit of 1451994832?
1
What is the hundreds digit of 17882090?
0
What is the ten millions digit of 130896700?
3
What is the thousands digit of 132779593?
9
What is the tens digit of 549807020?
2
What is the thousands digit of 17850935?
0
What is the ten millions digit of 170741178?
7
What is the thousands digit of 66930338?
0
What is the hundred thousands digit of 136120121?
1
What is the millions digit of 125812663?
5
What is the hundred thousands digit of 38249673?
2
What is the 